{"id":565,"date":"2020-02-17T12:53:47","date_gmt":"2020-02-17T11:53:47","guid":{"rendered":"http:\/\/hexe-esmeralda.de\/?page_id=565"},"modified":"2023-01-30T15:07:39","modified_gmt":"2023-01-30T14:07:39","slug":"565-2","status":"publish","type":"page","link":"https:\/\/hexe-esmeralda.de\/","title":{"rendered":""},"content":{"rendered":"\n<h1 class=\"wp-block-heading\">Tarot<\/h1>\n\n\n\n<p>Seit vielen Jahren gehe ich meinen spirituellen Weg, meine Reise f\u00fchrte mich zum Tarot-Kartenlegen. In vielen Lebenssituation kann Tarot unseren Blick auf das Entscheidende lenken. Die Karten stellen eine Thematik bildhaft dar und stehen f\u00fcr das Unbewusste durch Bilder, die Bildersprache unserer Seele, die es zu \u00fcbersetzen gilt. Wir lenken den Blick auf Wichtiges, auch wenn es im Verborgenen liegt. Den Ratschlag bewusst verstehen, sich f\u00fchren lassen und so den eigenen Weg finden. <\/p>\n\n\n\n<h1 class=\"wp-block-heading\">Astrologie<\/h1>\n\n\n\n<p>Astrologie ist die Lehre von den Sternen, das Horoskop ist eine Momentaufnahme des Himmels zum genauen Zeitpunkt der Geburt an einem bestimmten Geburtsort, das ergibt ein individuelles, pers\u00f6nliches Bild. Als ausgebildete Astrologin kann ich aus dem Zusammenspiel von Sternzeichen, H\u00e4usern, Planeten, Achsen und Schnittpunkten das Potential eines Menschen lesen und entschl\u00fcsseln. Astrologie hilft Talente und St\u00e4rken aber auch Schwachpunkte herauszuarbeiten, Fragen nach Familie, Partnerschaft, Beruf, Umgang mit Geld und Werten, Gesundheit lassen sich beantworten. Bei der Prognose f\u00fcr das n\u00e4chste Jahr kann man wichtige Informationen erhalten die gute Entschl\u00fcsse erleichtern. <\/p>\n\n\n\n<h2 class=\"wp-block-heading\">Kr\u00e4uter <\/h2>\n\n\n\n<p>Altbew\u00e4hrte Hausmittel aus der Volksheilkunde lehrten mich mit den Kr\u00e4ften der Natur zu arbeiten. Kr\u00e4utertee &#8211; das Hausmittel aus alter Zeit.                       Salben &#8211; wohlf\u00fchlen in der eigenen Haut.                        R\u00e4uchern &#8211; die Begegnung mit dem Geist der Pflanze.                                                                                                                                                                 Tinkturen, auf Alkohol- \u00d6l- oder Essigbasis &#8211; Pflanzenstoffe intensiv.                                                          Die eigene Hausapotheke &#8211; Heilpflanzen sammeln und verarbeiten.                                               Pflanzenbrauchtum aus alter Zeit               Pflanzenmagie und Jahreskreisfeste <\/p>\n\n\n\n<figure class=\"wp-block-image size-large is-resized\"><a href=\"https:\/\/hexe-esmeralda.de\/wp-content\/uploads\/2022\/10\/Zach-Karin-PP-aa.jpg\"><img loading=\"lazy\" decoding=\"async\" src=\"https:\/\/hexe-esmeralda.de\/wp-content\/uploads\/2022\/10\/Zach-Karin-PP-aa-772x1024.jpg\" alt=\"\" class=\"wp-image-866\" width=\"206\" height=\"273\" srcset=\"https:\/\/hexe-esmeralda.de\/wp-content\/uploads\/2022\/10\/Zach-Karin-PP-aa-772x1024.jpg 772w, https:\/\/hexe-esmeralda.de\/wp-content\/uploads\/2022\/10\/Zach-Karin-PP-aa-226x300.jpg 226w, https:\/\/hexe-esmeralda.de\/wp-content\/uploads\/2022\/10\/Zach-Karin-PP-aa-768x1018.jpg 768w, https:\/\/hexe-esmeralda.de\/wp-content\/uploads\/2022\/10\/Zach-Karin-PP-aa.jpg 1087w\" sizes=\"auto, (max-width: 206px) 100vw, 206px\" \/><\/a><\/figure>\n\n\n\n<p><\/p>\n","protected":false},"excerpt":{"rendered":"<p>Tarot Seit vielen Jahren gehe ich meinen spirituellen Weg, meine Reise f\u00fchrte mich zum Tarot-Kartenlegen. In vielen Lebenssituation kann Tarot unseren Blick auf das Entscheidende lenken. Die Karten stellen eine Thematik bildhaft dar und stehen f\u00fcr das Unbewusste durch Bilder, die Bildersprache unserer Seele, die es zu \u00fcbersetzen gilt. Wir lenken den Blick auf Wichtiges, auch wenn es im Verborgenen liegt. Den Ratschlag bewusst verstehen, sich f\u00fchren lassen und so den eigenen Weg finden. Astrologie Astrologie ist die Lehre von den Sternen, das Horoskop ist eine Momentaufnahme des Himmels zum genauen Zeitpunkt der Geburt an einem bestimmten Geburtsort, das ergibt ein individuelles, pers\u00f6nliches Bild. Als ausgebildete Astrologin kann ich aus [&hellip;]<\/p>\n","protected":false},"author":2,"featured_media":0,"parent":8,"menu_order":0,"comment_status":"closed","ping_status":"closed","template":"","meta":{"footnotes":""},"class_list":["post-565","page","type-page","status-publish","hentry"],"_links":{"self":[{"href":"https:\/\/hexe-esmeralda.de\/index.php?rest_route=\/wp\/v2\/pages\/565","targetHints":{"allow":["GET"]}}],"collection":[{"href":"https:\/\/hexe-esmeralda.de\/index.php?rest_route=\/wp\/v2\/pages"}],"about":[{"href":"https:\/\/hexe-esmeralda.de\/index.php?rest_route=\/wp\/v2\/types\/page"}],"author":[{"embeddable":true,"href":"https:\/\/hexe-esmeralda.de\/index.php?rest_route=\/wp\/v2\/users\/2"}],"replies":[{"embeddable":true,"href":"https:\/\/hexe-esmeralda.de\/index.php?rest_route=%2Fwp%2Fv2%2Fcomments&post=565"}],"version-history":[{"count":22,"href":"https:\/\/hexe-esmeralda.de\/index.php?rest_route=\/wp\/v2\/pages\/565\/revisions"}],"predecessor-version":[{"id":899,"href":"https:\/\/hexe-esmeralda.de\/index.php?rest_route=\/wp\/v2\/pages\/565\/revisions\/899"}],"up":[{"embeddable":true,"href":"https:\/\/hexe-esmeralda.de\/index.php?rest_route=\/wp\/v2\/pages\/8"}],"wp:attachment":[{"href":"https:\/\/hexe-esmeralda.de\/index.php?rest_route=%2Fwp%2Fv2%2Fmedia&parent=565"}],"curies":[{"name":"wp","href":"https:\/\/api.w.org\/{rel}","templated":true}]}}