{"id":2,"date":"2014-09-05T04:41:07","date_gmt":"2014-09-05T04:41:07","guid":{"rendered":"http:\/\/localhost\/wordpress-4.0\/wordpress\/?page_id=2"},"modified":"2015-02-15T21:04:41","modified_gmt":"2015-02-15T21:04:41","slug":"sample-page","status":"publish","type":"page","link":"https:\/\/hexe-esmeralda.de\/?page_id=2","title":{"rendered":"Handfasting"},"content":{"rendered":"<p>Handfasting \u2013 eine keltische Hochzeit<\/p>\n<p>&nbsp;<\/p>\n<p>Ihr m\u00f6chtet eine besondere Zeremonie f\u00fcr Eure Hochzeit?\u00a0 Das Handfasting, ein liebevolles Versprechen eingebunden in alte keltische Rituale, macht Eure Feier zu etwas Einmaligem.<\/p>\n<p>Ein Handfasting wird immer individuell f\u00fcr die Heiratenden gestaltet, denn das Brautpaar soll hier im Mittelpunkt stehen.<\/p>\n<p>Nachdem der Ritualplatz von mir gereinigt wurde, bilden Euere Trauzeugen und G\u00e4ste einen Schutzkreis um Euch und ich erbitte f\u00fcr die Liebenden von den vier Elementen die Geschenke der Fruchtbarkeit, der Weisheit, der Liebe, der Gesundheit, der Freude und des Gl\u00fccks.<\/p>\n<p>Mit dem Verknoten des Handfastingtuches wird Euer Bund sch\u00fctzend umwunden und Ihr sprecht Euren vorbereiteten Schwur. Nun d\u00fcrft Ihr das erste Mal als Paar Wein und Brot teilen.<\/p>\n<p>Ihr k\u00f6nntet nun noch Ringe tauschen, eine Hochzeitskerze entz\u00fcnden und eine mystische Pflanze f\u00fcr Euren weiteren Weg w\u00e4hlen.<\/p>\n<p>Den Abschlu\u00df bildet dann das \u00dcbersteigen des Besens, als Symbol f\u00fcr zuk\u00fcnftiges gemeinsames \u00dcberwinden von Problemen und Hinternissen.<\/p>\n<p>Vertraut Euch mir an und wir finden die richtige Zusammenstellung f\u00fcr Euer einzigartiges Handfasting.<\/p>\n<p>&nbsp;<\/p>\n<p>In Liebe und Licht<\/p>\n<p>Esmeralda<\/p>\n","protected":false},"excerpt":{"rendered":"<p>Handfasting \u2013 eine keltische Hochzeit &nbsp; Ihr m\u00f6chtet eine besondere Zeremonie f\u00fcr Eure Hochzeit?\u00a0 Das Handfasting, ein liebevolles Versprechen eingebunden in alte keltische Rituale, macht Eure Feier zu etwas Einmaligem. Ein Handfasting wird immer individuell f\u00fcr die Heiratenden gestaltet, denn das Brautpaar soll hier im Mittelpunkt stehen. Nachdem der Ritualplatz von mir gereinigt wurde, bilden Euere Trauzeugen und G\u00e4ste einen Schutzkreis um Euch und ich erbitte f\u00fcr die Liebenden von den vier Elementen die Geschenke der Fruchtbarkeit, der Weisheit, der Liebe, der Gesundheit, der Freude und des Gl\u00fccks. Mit dem Verknoten des Handfastingtuches wird Euer Bund sch\u00fctzend umwunden und Ihr sprecht Euren vorbereiteten Schwur. Nun d\u00fcrft Ihr das erste Mal [&hellip;]<\/p>\n","protected":false},"author":1,"featured_media":0,"parent":0,"menu_order":1,"comment_status":"closed","ping_status":"closed","template":"","meta":{"footnotes":""},"class_list":["post-2","page","type-page","status-publish","hentry"],"_links":{"self":[{"href":"https:\/\/hexe-esmeralda.de\/index.php?rest_route=\/wp\/v2\/pages\/2","targetHints":{"allow":["GET"]}}],"collection":[{"href":"https:\/\/hexe-esmeralda.de\/index.php?rest_route=\/wp\/v2\/pages"}],"about":[{"href":"https:\/\/hexe-esmeralda.de\/index.php?rest_route=\/wp\/v2\/types\/page"}],"author":[{"embeddable":true,"href":"https:\/\/hexe-esmeralda.de\/index.php?rest_route=\/wp\/v2\/users\/1"}],"replies":[{"embeddable":true,"href":"https:\/\/hexe-esmeralda.de\/index.php?rest_route=%2Fwp%2Fv2%2Fcomments&post=2"}],"version-history":[{"count":8,"href":"https:\/\/hexe-esmeralda.de\/index.php?rest_route=\/wp\/v2\/pages\/2\/revisions"}],"predecessor-version":[{"id":76,"href":"https:\/\/hexe-esmeralda.de\/index.php?rest_route=\/wp\/v2\/pages\/2\/revisions\/76"}],"wp:attachment":[{"href":"https:\/\/hexe-esmeralda.de\/index.php?rest_route=%2Fwp%2Fv2%2Fmedia&parent=2"}],"curies":[{"name":"wp","href":"https:\/\/api.w.org\/{rel}","templated":true}]}}